mon factor of 2618 and 10038908.
374
What is the greatest common divisor of 2846592 and 73269?
63
Calculate the greatest common factor of 764677 and 792081.
527
What is the greatest common factor of 19899 and 72469947?
2211
What is the greatest common factor of 25338337 and 197?
197
Calculate the greatest common factor of 9338740 and 4214.
86
Calculate the highest common divisor of 392979 and 175119573.
13551
What is the greatest common divisor of 2485 and 3873973?
71
What is the highest common divisor of 245144 and 128?
8
Calculate the highest common divisor of 140955125 and 50.
25
What is the greatest common factor of 1122 and 9462783?
33
Calculate the greatest common factor of 85938375 and 750.
375
Calculate the greatest common factor of 418 and 151624.
22
Calculate the highest common divisor of 2106 and 12337299.
351
Calculate the greatest common factor of 304 and 7714228.
76
What is the highest common divisor of 48473359 and 3493?
499
Calculate the greatest common divisor of 4664 and 298708.
212
Calculate the highest common factor of 48 and 4524272.
16
What is the greatest common factor of 200502793 and 335?
67
Calculate the highest common divisor of 34 and 76166562.
34
What is the highest common factor of 7273206 and 2214?
54
Calculate the greatest common factor of 18788 and 603988.
308
Calculate the greatest common factor of 743610 and 126.
42
What is the highest common divisor of 1254 and 13747184?
418
What is the highest common factor of 30437577 and 28197?
2169
Calculate the greatest common factor of 2339454 and 31341.
1011
What is the highest common divisor of 1755406 and 299?
23
What is the greatest common divisor of 13865400 and 4680?
360
What is the greatest common factor of 93129 and 114943?
839
Calculate the greatest common factor of 264 and 18134094.
66
Calculate the highest common divisor of 440 and 25377440.
440
What is the greatest common divisor of 66000284 and 504?
28
Calculate the greatest common divisor of 36 and 23882976.
36
Calculate the highest common factor of 1132320 and 3911222.
4718
Calculate the highest common factor of 71476 and 9.
1
What is the highest common factor of 12786650 and 200?
50
Calculate the greatest common factor of 305744 and 1046048.
1552
What is the greatest common factor of 2332960157 and 326?
163
Calculate the greatest common factor of 5644 and 430315492.
5644
What is the highest common factor of 2459955 and 645?
15
Calculate the highest common divisor of 157412 and 10212.
92
What is the greatest common divisor of 2661581 and 11492?
169
Calculate the highest common divisor of 3140 and 7356.
4
Calculate the highest common factor of 10619716 and 41552.
212
Calculate the greatest common divisor of 3537002 and 532.
266
What is the greatest common factor of 170 and 24456438?
34
What is the highest common factor of 35159823 and 3249?
171
Calculate the highest common divisor of 1462 and 1758098.
86
What is the highest common divisor of 73665733 and 2353?
181
What is the greatest common divisor of 1717 and 4933507610?
1717
What is the greatest common factor of 63 and 282217558?
7
Calculate the highest common divisor of 9917 and 715501.
211
What is the greatest common divisor of 195 and 126082635?
15
What is the greatest common factor of 123660190 and 3345?
1115
Calculate the highest common factor of 5503437 and 10461.
951
What is the highest common factor of 4624 and 5649661?
289
What is the greatest common factor of 594 and 11175230?
22
Calculate the greatest common divisor of 11232 and 52387296.
1248
What is the greatest common factor of 116 and 4381?
1
Calculate the greatest common factor of 106640 and 775.
155
Calculate the greatest common divisor of 8 and 1499600792.
8
What is the highest common divisor of 311149 and 31857?
41
What is the highest common divisor of 1798979 and 221858?
4823
What is the greatest common factor of 18912 and 15014946?
1182
Calculate the highest common factor of 52 and 3060278.
26
Calculate the greatest common factor of 47 and 649968969.
47
Calculate the highest common divisor of 100 and 3776010.
10
What is the highest common divisor of 6076 and 435178?
62
What is the highest common divisor of 380 and 6258676?
76
Calculate the highest common divisor of 2592 and 349088.
32
Calculate the highest common factor of 549252 and 146619.
99
What is the highest common divisor of 437 and 4030888?
437
What is the greatest common factor of 954 and 604306?
106
Calculate the highest common factor of 49 and 231938.
7
What is the highest common factor of 1933978 and 598?
46
What is the greatest common divisor of 6150 and 2650404?
246
What is the highest common factor of 445640 and 16120?
520
Calculate the greatest common divisor of 1236 and 589812.
12
What is the highest common factor of 225057 and 2205?
147
Calculate the highest common factor of 1374 and 1717958.
458
What is the highest common divisor of 42660 and 400347036?
8532
What is the greatest common factor of 1524688581 and 13?
13
Calculate the highest common divisor of 37380 and 842385.
1335
What is the highest common factor of 1996 and 1707079?
499
What is the highest common factor of 1641878 and 350?
14
What is the greatest common factor of 11135882 and 310?
62
Calculate the greatest common factor of 1 and 715925.
1
What is the greatest common divisor of 643788 and 2430?
162
What is the highest common factor of 25 and 1313084725?
25
What is the greatest common divisor of 1830 and 6973215?
915
What is the greatest common factor of 128859294 and 3372?
1686
Calculate the greatest common factor of 72038025 and 75.
75
What is the greatest common divisor of 42 and 275341269?
21
What is the highest common factor of 64971186 and 84?
42
Calculate the highest common divisor of 7758636 and 1196.
92
Calculate the greatest common divisor of 31 and 40465.
1
What is the highest common divisor of 778751985 and 60?
15
Calculate the greatest common divisor of 185 and 1129467550.
185
What is the greatest common factor of 108 and 171949788?
36
Calculate the highest common factor of 2976 and 23592736.
992
Calculate the greatest common factor of 1573769807 and 2986.
1493
What is the highest common divisor of 339056475 and 150?
75
What is the highest common factor of 615461 and 539?
77
Calculate the highest common factor of 4839 and 2027763594.
4839
What is the highest common divisor of 7986 and 116534?
22
Calculate the greatest common factor of 1512524 and 354.
118
Calculate the greatest common divisor of 10221 and 938093601.
10221
What is the highest common factor of 9937606 and 454?
454
What is the highest common factor of 720 and 335484000?
720
What is the greatest common factor of 38921500 and 18700?
1700
Calculate the greatest common divisor of 103782 and 3615.
3
What is the greatest common divisor of 36 and 30525840?
36
Calculate the greatest common factor of 354696324 and 36.
12
What is the greatest common factor of 440 and 8211016?
88
What is the highest common divisor of 871 and 59798103?
67
What is the greatest common factor of 57664 and 25653?
17
Calculate the greatest common divisor of 4481155 and 875.
35
What is the highest common factor of 7 and 535986?
1
Calculate the greatest common divisor of 21428 and 3564.
44
What is the highest common divisor of 60 and 191846664?
12
Calculate the highest common divisor of 162183736 and 5720.
1144
What is the highest common divisor of 2457261 and 144?
9
Calculate the greatest common factor of 30366368 and 40976.
3152
Calculate the greatest common factor of 1260 and 1578220.
140
Calculate the greatest common factor of 1462794 and 24.
6
What is the greatest common factor of 6351712 and 48?
16
What is the highest common divisor of 241998 and 4285191?
2283
Calculate the highest common divisor of 1405187 and 6685.
1337
What is the greatest common factor of 35780 and 12?
4
What is the highest common divisor of 8833 and 528000?
11
What is the highest common divisor of 4576 and 18463016?
1144
Calculate the highest common divisor of 6840 and 1034360.
760
What is the greatest common factor of 131 and 115513049?
131
Calculate the highest common divisor of 299907 and 1252803.
2127
What is the highest common factor of 600671 and 92213?
83
Calculate the highest common divisor of 4028 and 524277431.
100